{"id":4154,"date":"2025-01-29T15:23:45","date_gmt":"2025-01-29T14:23:45","guid":{"rendered":"https:\/\/kai-europe.com\/beautycare_dev\/?post_type=product&#038;p=4154"},"modified":"2025-02-17T15:53:57","modified_gmt":"2025-02-17T14:53:57","slug":"ga-0115","status":"publish","type":"product","link":"https:\/\/kai-europe.com\/beautycare\/produkt\/ga-0115\/","title":{"rendered":"AUGER Augenbrauenrasierer"},"content":{"rendered":"<h6>Sicherheitshinweise \u2013 Rasiermesser\/Rasierklingen<\/h6>\n<p><span style=\"text-decoration: underline;\">GEFAHR von Schnittverletzungen:<\/span> Bei der Arbeit mit Rasiermessern stets konzentrieren. Niemals die Schneiden anfassen, sondern immer den Griff. Rasiermesser immer mit der Schneide nach unten tragen, vom K\u00f6rper weghalten und vom K\u00f6rper wegarbeiten. Nehmen Sie fu\u0308r jeden Kunden\/jede Rasur eine neue Klinge. Fu\u0308hren Sie die Pru\u0308fung der Sch\u00e4rfe nur mit dem Papiertest durch, nicht mit der Hand. Verwenden Sie stets nur scharfe Rasiermesser. Achten Sie auf ausreichend Abstand zu anderen Arbeitspl\u00e4tzen. Verwenden Sie bei Bedarf Schutzausru\u0308stung. Legen Sie Rasiermesser nur an festgelegte Pl\u00e4tze und lassen Sie sie niemals achtlos liegen. Bei einem fallenden Rasiermesser nicht nachgreifen. Wenn Sie nicht mit dem Messer arbeiten, klappen Sie das Messer zusammen, um die Klinge zu sichern und zu schu\u0308tzen. Bewahren Sie Rasiermesser in Rasiermesser-Taschen oder -Haltern auf. Laufen Sie niemals mit einem ungeschu\u0308tzten Rasiermesser. Kontrollieren Sie die Rasiermesser regelm\u00e4\u00dfig auf Sch\u00e4den und stellen Sie bei M\u00e4ngeln die Arbeit ein.<\/p>\n","protected":false},"excerpt":{"rendered":"<p>Edelstahl, ABS-Harz, mit rutschfestem Griff<\/p>\n","protected":false},"featured_media":4325,"template":"","meta":[],"product_brand":[53],"product_cat":[52,54],"product_tag":[],"class_list":{"0":"post-4154","1":"product","2":"type-product","3":"status-publish","4":"has-post-thumbnail","6":"product_brand-auger","7":"product_cat-gesichtspflege","8":"product_cat-rasierer","10":"first","11":"instock","12":"shipping-taxable","13":"product-type-simple"},"_links":{"self":[{"href":"https:\/\/kai-europe.com\/beautycare\/wp-json\/wp\/v2\/product\/4154","targetHints":{"allow":["GET"]}}],"collection":[{"href":"https:\/\/kai-europe.com\/beautycare\/wp-json\/wp\/v2\/product"}],"about":[{"href":"https:\/\/kai-europe.com\/beautycare\/wp-json\/wp\/v2\/types\/product"}],"wp:featuredmedia":[{"embeddable":true,"href":"https:\/\/kai-europe.com\/beautycare\/wp-json\/wp\/v2\/media\/4325"}],"wp:attachment":[{"href":"https:\/\/kai-europe.com\/beautycare\/wp-json\/wp\/v2\/media?parent=4154"}],"wp:term":[{"taxonomy":"product_brand","embeddable":true,"href":"https:\/\/kai-europe.com\/beautycare\/wp-json\/wp\/v2\/product_brand?post=4154"},{"taxonomy":"product_cat","embeddable":true,"href":"https:\/\/kai-europe.com\/beautycare\/wp-json\/wp\/v2\/product_cat?post=4154"},{"taxonomy":"product_tag","embeddable":true,"href":"https:\/\/kai-europe.com\/beautycare\/wp-json\/wp\/v2\/product_tag?post=4154"}],"curies":[{"name":"wp","href":"https:\/\/api.w.org\/{rel}","templated":true}]}}